7*k - 3228. What are the prime factors of m(-46)?
2, 7, 31, 41
Let a(z) = -4*z**3 + 140*z**2 + 330*z + 7. What are the prime factors of a(32)?
5, 7, 653
Suppose 5*m + 4 = -2*q + 3, 12 = 4*q - 4*m. Suppose q*j = -3*j + 1810. List the prime factors of j.
2, 181
Let g = 1404 - -408. What are the prime factors of g?
2, 3, 151
Let z(s) = -s**2 - 18*s - 14. Let r be z(-16). Let h be ((-3)/(-2))/((-9)/r). What are the prime factors of -3*(12/h + -19)?
3, 23
Let q(g) = 35 + 1 + 36 - 42*g - 14. List the prime factors of q(-7).
2, 11
Let c be 1219/(-5) + (-1)/((-30)/24). Let y = c + 631. List the prime factors of y.
2, 97
Let j = 4871 + -2451. Suppose -4*s + 5*z = -j, -2*s + 5*z = 4*z - 1216. List the prime factors of s.
2, 5, 61
Let i(r) = 10*r - 10. Suppose 0*w = -6*w - 0*w. Suppose 2*v - 3 = -m, w = 4*m + 4*v - 3*v - 12. List the prime factors of i(m).
2, 5
Suppose -7*n = -226 - 1377. Let s = 427 + n. What are the prime factors of s?
2, 41
Let g be -5 + (-2 - -10) - -2. Suppose g*u + 99 = -n - 468, u = 4*n - 126. List the prime factors of -4 - 26*u/12.
3
Let b(t) = -5*t**3 + 4*t**2 + 42*t - 19. List the prime factors of b(-13).
2, 19, 73
Suppose -3*q - 15 = -m, 4 = 3*q + 16. Suppose 3*o - 21 = n, -5*n = -m*o + 8*o - 55. List the prime factors of 21 - -1*12/o*-2.
2, 3
Let v(y) = y**3 - 20*y**2 - 55*y + 2. Let f be v(22). List the prime factors of (-1 - (-1693)/3)*f/(-100).
2, 13
Let j = -33 - -31. Suppose -4*w = -2*s, 0*s + 7 = 5*s - 3*w. List the prime factors of (-4)/(s/62*j).
2, 31
Let i be -1 - (1 - 3)/(2 + 0). Suppose o + 3*q = 355, i = -4*q + 8*q - 4. What are the prime factors of o?
2, 11
Let v(c) = -2*c**2 - 59*c + 10. Let l be -28 - (15/(-4) - 1/4). What are the prime factors of v(l)?
2, 137
Suppose 9*c - 12*c - 15*c = -84798. What are the prime factors of c?
7, 673
Suppose f = -3*v + 12, 4*f + 16 = f + 4*v. Suppose f = -345*q + 347*q - 702. List the prime factors of q.
3, 13
What are the prime factors of (981/4)/3*(-13520)/(-507)?
2, 5, 109
Suppose -5*n - 2*d + 9617 + 1645 = 0, -d = 3*n - 6758. What are the prime factors of n?
2, 7, 23
Let z = 533 - 149. Let x = z + 192. List the prime factors of x.
2, 3
Let y(o) = 13*o - 21. Let j be ((-760)/(-6))/(-4) + 1/(-3). Let w = j + 40. List the prime factors of y(w).
83
Suppose 0 = -3*d - 4*b - 4625, 11*d - 12*d - 2*b = 1541. Let y = -773 - d. What are the prime factors of y?
2, 5, 7, 11
Let g = -201 + 199. List the prime factors of 285 - (0*g/(-8) - -3).
2, 3, 47
Suppose -8*b - 6 = -11*b. Suppose 0 = 3*a + 3*s + 2*s - 168, 128 = 2*a - b*s. Let u = 74 - a. What are the prime factors of u?
13
List the prime factors of 39/39 + (-14474)/(-2).
2, 7, 11, 47
Let o = -5987 - -5921. Let q be (-2)/7 - (-1248)/7. Let d = q + o. What are the prime factors of d?
2, 7
What are the prime factors of (-19 + (-764196)/(-36))/(2/3)?
29, 1097
Let i = -14 + 6. Let n be -4*(4 - (-42)/i). What are the prime factors of -4*(n + 1)*(-120)/18?
2, 5
Suppose 234*t - 235*t = 5*l - 164145, -4*l - 4*t = -131316. What are the prime factors of l?
3, 31, 353
Let f(a) = 22*a**3 + 214*a**2 - 10*a + 18. List the prime factors of f(9).
2, 3, 5, 37
Suppose -3 = -4*b + 4*j + 9, -j = b + 1. Suppose -15 = -3*x - 0*x. Suppose 0 = -y - 0*v + 5*v + b, 0 = y + x*v - 31. List the prime factors of y.
2
Suppose f + 3605 = 4*u - 11571, 0 = u + f - 3799. What are the prime factors of u?
3, 5, 11, 23
Suppose 4*z = 2*z, -4*z = 5*y - 20. Suppose y*x = d + 14, 2*x - 11 = 4*d + 3. Suppose -x = -5*r - 5*a + 382, a = 3*r - 227. List the prime factors of r.
2, 19
Let x(z) = 1484*z + 378. What are the prime factors of x(4)?
2, 7, 11, 41
Suppose 5*m + 3*k - 12 = 0, m - 2*k = 4 + 1. Suppose -2 = -m*g + 2*w - 11, 0 = 5*w. What are the prime factors of g*(-3 + 3 + -1) + 2?
5
Let z(t) be the first derivative of -91*t**2/2 + 4*t - 33. Let i(y) = -182*y + 8. Let m(r) = 3*i(r) - 7*z(r). List the prime factors of m(2).
2, 89
Let z = -24013 - -59704. List the prime factors of z.
3, 11897
Suppose 4*c - 541 = -v, 6 = 4*c + 2. Suppose 5*q = 2*q + v. Let f = q + -82. List the prime factors of f.
97
Let j(a) = 4*a**3 - 28*a**2 + 42*a - 50. Let b(v) = -3*v**3 + 28*v**2 - 41*v + 49. Let d(q) = 5*b(q) + 4*j(q). What are the prime factors of d(-29)?
277
Let m = 943 - -967. What are the prime factors of m?
2, 5, 191
Suppose 0 = -2*l + i - 5 - 0, 0 = -l + 3*i - 15. Suppose -7*h + 15*h + 664 = l. Let m = h + 148. What are the prime factors of m?
5, 13
Let y(g) = 21*g - 162. Let b be y(0). What are the prime factors of (0 + b/63)*(-1 + -6)?
2, 3
Suppose 195*z - 1185479 = 639526. List the prime factors of z.
7, 191
Let d = 9796 - 2685. What are the prime factors of d?
13, 547
List the prime factors of -50931*(100/(-90) - -1).
5659
Let b(s) = 27*s**3 - 7*s**2 + 8*s. Let p be b(1). Let n(f) = -f**3 + 30*f**2 - 45*f + 61. What are the prime factors of n(p)?
3, 41
Let s = 92743 - 45170. List the prime factors of s.
113, 421
Let u(i) = 2*i**3 - 10*i**2 + 8*i + 2. Let x be u(4). Let z be (x/(-4))/(5/(-70)). Suppose 0 = 2*y + z*y - 1377. What are the prime factors of y?
3, 17
Suppose -154 + 58 = -12*p. What are the prime factors of (1842/(-12))/(-2*1/p)?
2, 307
Let v(a) = 37*a + 2682. List the prime factors of v(74).
2, 5, 271
Let i = 162 + -165. List the prime factors of -8 + 11 - (0 - (i - -800)).
2, 5
Suppose 0 = 3*z + 5*u - 232837, -z + 5*u + 69394 = -8265. What are the prime factors of z?
2, 31, 313
Suppose -74*q = -75*q + 3. What are the prime factors of (-693)/(-22)*28/q?
2, 3, 7
Let f = 0 + -6. Let y = 8 + f. Suppose 0 = -7*g + y*g + 180. List the prime factors of g.
2, 3
Let m = -539 + 1835. Suppose 4*q = 900 + m. What are the prime factors of q?
3, 61
Let y(f) = 360*f - 1. What are the prime factors of y(2)?
719
Let n = -20373 + 64619. List the prime factors of n.
2, 22123
Let z be 4/6*153*(-5)/(-30). Suppose 0*m + 5797 = z*m. List the prime factors of m.
11, 31
Let g = 51 + -51. Let u(y) = -20 - y + g*y + 13*y - 20. List the prime factors of u(8).
2, 7
Let f = -259 + 211. Let d = 142 + f. What are the prime factors of d?
2, 47
Suppose -290*l + 3648 = -271*l. Suppose 227*t - 229*t = -l. List the prime factors of t.
2, 3
Let f(a) be the second derivative of -7*a**4/12 - 21*a**3/2 - 9*a**2/2 + 94*a. List the prime factors of f(-5).
131
Let p(o) = -o**3 + 3*o**2 + 6*o - 3. Let r be p(4). Suppose 0 = r*h - 730 - 1080. List the prime factors of h.
2, 181
Let n(o) = -o**3 + 4*o**2 - 5*o + 6. Let b be n(5). Let x be -10*3*b/24. Let t = x - 24. List the prime factors of t.
31
Let v(k) = -70*k - 84. Let j be v(-24). Suppose 80*f + j = 82*f. What are the prime factors of f?
2, 3, 7, 19
Suppose c = 3*n - 12019, n - 1889 = c + 2120. What are the prime factors of n?
3, 5, 89
Let p = 218 + -214. Suppose 0 = p*q - 6*c + 9*c - 1421, -354 = -q - c. List the prime factors of q.
359
Suppose -11*t + 9*t - g + 7 = 0, 2*t - 9 = -3*g. Suppose 3*b = -4*h - 78 + 3645, -t*h = b - 2679. What are the prime factors of h?
2, 3, 149
Let b be (1/2)/((-2)/(-16)) - 0. Let g be ((-1370)/15*1)/(b/(-6)). Suppose -g = -9*v + 1096. List the prime factors of v.
137
Let o = -193 - -112. Let r be -5 - (-126 - ((-20)/(-5) - 2)). Let l = r + o. What are the prime factors of l?
2, 3, 7
List the prime factors of ((-283738)/6 - 1)*(-2757)/1838.
2, 8867
Let d(k) = -k**3 + 2*k**2 + 2*k - 3. Let t be d(3). Let h be (2 + t + 13/4)*-4. List the prime factors of (452/(-10))/(-2*h/30).
2, 113
Suppose -2*p + s = -38328, 2*p - 81*s = -85*s + 38338. What are the prime factors of p?
5, 3833
Let o(a) = -432*a + 16. Let k(v) = -4*v - 1. Let b(z) = -12*k(z) - o(z). What are the prime factors of b(1)?
2, 7, 17
Let s = 25 - 32. Let g(b) = -2*b**3 - b**2 + 18*b + 10. What are the prime factors of g(s)?
521
Suppose 2*w + 64 + 24 = 0. Let u = 25426 + -25414. What are the prime factors of (-5492)/w + u/66?
5
Let i(t) = -5666*t + 16806. What are the prime factors of i(-7)?
2, 19, 743
Let h(w) = 13*w**2 - 18*w - 5. Let f be 10*2/(-8)*-2. What are the prime factors of h(f)?
2, 5, 23
Let y(u) = 7*u**3 - 6*u**2 - 12*u + 38. List the prime factors of y(7).
3, 229
Suppose 6*w + w - 28 = 0. Suppose -i - i = -w. What are the prime factors of i/((-4)/6) + 7?
2
What are the prime factors of (-5)/(-5)*1073 - (-8 - -8)?
29, 37
Suppose 4*k = -b + 3049,